*k - 138 = 0. List the prime factors of y(k).
2, 43
What are the prime factors of 3/((-72)/330)*-344?
2, 5, 11, 43
Let m(z) be the third derivative of 19/8*z**4 + 0 + 0*z + 11*z**2 - 1/3*z**3. List the prime factors of m(4).
2, 113
Suppose -3*t - 5*j = -2*j - 27, -7 = -3*t + 2*j. Suppose -t*x = 336 - 1156. Let m = -66 + x. What are the prime factors of m?
2, 7
Suppose 164 = 2*k - 30. Let u = 1319 + -1312. Suppose u*g - 309 - k = 0. List the prime factors of g.
2, 29
Let d(u) = 5*u**3 - 2*u + 1. Let g be d(1). Suppose 7*k + g*k = 33. Suppose -m = k*m + 4*v - 168, 5*m + v = 222. What are the prime factors of m?
3, 5
Let w be -6 - -12 - (1 - -1). Suppose -g + 566 - 109 = -w*y, 5*g = -5*y + 2160. List the prime factors of g.
19, 23
Let g be (49/(-4) - (-7)/28)/(-1). Suppose -g*j = -17*j + 485. Let f = j + -29. What are the prime factors of f?
2, 17
Suppose 0 = 5*d - 4*c - 11122, 0 = -c - 2*c + 6. Suppose 129 = 3*f - 3*x, 2*f = 10*x - 11*x + 77. What are the prime factors of d/10 + 16/f?
223
Let c(g) = 4926*g - 265. List the prime factors of c(4).
7, 2777
Let b(t) = -69*t - 95 + 49 + 161 + 63. List the prime factors of b(-8).
2, 5, 73
Let x(z) = 8*z + 58. Let c be x(-7). Suppose i - 4*k = 453, c*k = 3*i - 0*i - 1399. What are the prime factors of i?
7, 67
Let s = 3 - 95. Let j = s + 82. What are the prime factors of j + 12 - -55*(4 + -1)?
167
Let p = -183 - -40. Let h = 648 - 540. Let f = h - p. What are the prime factors of f?
251
Let g(p) = -8*p - 234. Suppose -133 = 3*l + u, l + 26 = 2*u - 23. What are the prime factors of g(l)?
2, 3, 7
Let t(p) be the second derivative of -7*p + 0 - 13*p**2 - 5/3*p**3. What are the prime factors of t(-6)?
2, 17
Suppose -8*n + 11*n = 2886. Suppose -208 = -5*o + n. Suppose -3*a - 97 = -2*r, 4*r = -a - a + o. List the prime factors of r.
2, 7
Let d = -19070 - -47438. List the prime factors of d.
2, 3, 197
Suppose 10 + 3 = -l. Suppose 6 = -4*m - 54. List the prime factors of m/(-80)*4 - l/4.
2
Suppose 5*r - 50295 = -5*n + 6*n, -2*r - 3*n + 20118 = 0. List the prime factors of r.
3, 7, 479
Let a = 116 + -130. Suppose -246 + 731 = 5*r. Let o = r + a. List the prime factors of o.
83
Suppose 0 = 5*v - 2*m - 582, 5*v = -0*m + 5*m + 585. Suppose -310 = 5*o + 4*w, 5*w = -2*o - v - 25. Let c = o - -72. List the prime factors of c.
2, 7
Let f(y) = 5*y**2 + 0*y**2 - 2*y - 4 - 6*y**3 - y**3 + 8*y**3. Let n be f(-5). Let g = 31 + n. What are the prime factors of g?
37
Let g(l) = 77*l + 24. Let v(s) = 79*s + 23. Let z(x) = -3*g(x) + 2*v(x). List the prime factors of z(-7).
5, 97
Let o(z) = -2*z**2 - 22 - z**2 + 15*z + 2*z**2. Let l be o(11). Let p = l - 11. List the prime factors of p.
11
Suppose 4*c = 2*d - 1692, 5*c + d + 3307 = 1206. Let w = c + 767. List the prime factors of w.
2, 173
Let r(n) = 43*n - 76. Let s be r(18). Suppose -3*g + g + 1366 = -4*f, s = g - 5*f. List the prime factors of g.
673
Let f = 10490 - 3856. List the prime factors of f.
2, 31, 107
Let i = 3561 + -1409. What are the prime factors of i?
2, 269
Suppose -7*u = -9*u. Let j(d) = 3 + u + 14*d**3 + d**2 + 1 + d. List the prime factors of j(2).
2, 61
Suppose 2*x + 26 = -b, -2*b - 3*x = -0*b + 52. Let d = b + 28. What are the prime factors of -3*d/(-18) + 32/3?
11
Let m(o) = o**2 - 2*o - 2. Suppose -7*r + 13 = -8. Let a be m(r). List the prime factors of (-46)/(-1 + a/3).
3, 23
Suppose -35159 - 43735 = -6*k. What are the prime factors of k?
3, 487
Let k(j) = 24*j - 76. Let g(z) = z**2 - 8*z - 66. Let x be g(14). List the prime factors of k(x).
2, 89
List the prime factors of -744*((-124)/16 + 5 + -11).
2, 3, 5, 11, 31
Let k = 36 - 2. Suppose -k*n + 37*n = 0. Suppose n = 5*q - 977 + 287. List the prime factors of q.
2, 3, 23
Let l be ((-4 - -4)/(-3))/1. Suppose 3*o - 351 - 439 = -2*f, -4*f + 4*o + 1560 = l. List the prime factors of f.
2, 7
Suppose 3*a - 2*u = 22257, 34*a = 37*a + 5*u - 22299. List the prime factors of a.
13, 571
Let b(k) = 3617*k + 182. What are the prime factors of b(8)?
2, 3, 23, 211
Suppose 4*p - 10304 = 11*p. Let m = p - -2220. Suppose -r + m = 10*r. List the prime factors of r.
2, 17
Let o = -7704 + 23873. List the prime factors of o.
19, 23, 37
Let u = -838 - -8307. What are the prime factors of u?
7, 11, 97
Let k = 970 + 1028. List the prime factors of k.
2, 3, 37
Let l(r) = -17*r**2 - 5*r - 7. Let d be l(-2). Let w = 43 - d. Let v = -41 + w. What are the prime factors of v?
67
Let y = 2392 - -1044. What are the prime factors of y?
2, 859
Let y be 59 + 0 - (-1 - -4). Let i(t) = -t - 1. Let x be i(-9). Let u = x + y. What are the prime factors of u?
2
Let f = 2418 + 2892. List the prime factors of f.
2, 3, 5, 59
Suppose -965 = -18*v + 1033. Suppose 0 = -8*r + v + 33. What are the prime factors of r?
2, 3
Suppose 0 = -78*m + 82*m + 144. Let z be (-3)/(3/4)*m/18. List the prime factors of (142 - z) + 2 + -1.
3, 5
Suppose -2*d - 6 = -41*g + 42*g, 3*g - 5*d = 37. Suppose -g*p + 6*p = 4*c - 604, -2*p = 0. What are the prime factors of c?
151
Suppose 4*i - 15064 = -5*t, 7*t + 3*i + 12076 = 11*t. Let u = -987 + t. What are the prime factors of u?
2029
Let d(t) = 6*t**3 + 45*t**2 + 3*t + 3. List the prime factors of d(4).
3, 373
Let b(u) be the third derivative of 7/60*u**5 + 0*u + 0 + 2*u**2 + 1/6*u**4 - 2/3*u**3 + 1/120*u**6. List the prime factors of b(-3).
2, 5
Let u(r) be the first derivative of -r**3/3 - 11*r**2/2 + 26*r - 458. Suppose 0 = -3*x + 8 - 38. List the prime factors of u(x).
2, 3
Suppose 0*b - 2782 = 13*b. Let y = 500 + b. What are the prime factors of y?
2, 11, 13
Suppose 0 = 10*k - 26385 + 2035. Suppose 4*d - 2443 = -3*t, -3*t + 0*d = -4*d - k. What are the prime factors of t?
3, 271
Suppose -173*j + 129*j - 185*j = -7614708. What are the prime factors of j?
2, 3, 17, 163
Let f(j) = j**2 + 10*j - 24. Let n be f(-30). Suppose -2*x = -n - 146. What are the prime factors of x?
19
What are the prime factors of (-6)/(120/(-228566)) - 108/360?
2, 2857
Let r(z) = 6*z**2 - 13*z + 8. Let k be r(9). Let l = -180 + k. List the prime factors of l.
197
What are the prime factors of (76631 + -11)/3 + -2 + -7?
11, 211
Let j(r) be the second derivative of -r**4/12 + 8*r**3/3 + 17*r**2 + 33*r. Let z be j(10). Suppose z*u = 95*u - 191. What are the prime factors of u?
191
Let u(i) = 76*i - 54. Let t(w) = 0*w + w**3 + 1 - 2*w**2 - 4*w + 2*w + 0*w. Let f be t(3). List the prime factors of u(f).
2, 5
Let y(n) = -507*n - 5. Let q be y(-2). What are the prime factors of (q - 14) + 2 + -4?
3, 331
Suppose -3*w - 9*i - 35224 = -7*i, 11738 = -w + i. List the prime factors of w/(-15) + 3 + (-4)/6.
5, 157
Let z(l) = -l**2 - 3*l + 44. Let f be z(-8). Suppose -7*i - f*i = -704. What are the prime factors of i?
2
Let q(w) = -w**3 - 42*w**2 - 261*w - 25. Let g be q(-6). Let t be 1732/(-14) - 2/7. Let f = g + t. What are the prime factors of f?
11
Let l be (-531)/(-27) + (-4)/(-3). Suppose -l = 10*h - 13*h. What are the prime factors of 44/(-3)*(1 - h)?
2, 11
Let p = -476 - -1021. What are the prime factors of p?
5, 109
Suppose -3*a = 5*m - 180439, -37*a = 5*m - 35*a - 180441. What are the prime factors of m?
151, 239
Let b(h) = h**2 + 5*h + 325. Suppose 0 = -4*m + 7*v - 3*v, 3*v = -2*m. List the prime factors of b(m).
5, 13
Suppose 3*t - 5*f - 5714 = 0, 10 = -0*f + 5*f. Suppose -4*g - 5*n - 638 + t = 0, 2*n - 956 = -3*g. List the prime factors of g.
2, 5
Suppose 0 = -c + 6*c - 25, 3*c = -3*u + 33. Let a = -3 + u. Suppose a*p = t - 45, -3*p = 3*t - 80 - 67. What are the prime factors of t?
2, 3
Let r be 0 + 252 + 4 + 0. Suppose 9*h + r + 1346 = 0. Let y = -99 - h. List the prime factors of y.
79
Let o = -152 + 152. Suppose o = 7*l + l - 3720. What are the prime factors of l?
3, 5, 31
List the prime factors of 114963/2*(-21 - (-1541)/69).
2, 38321
Suppose -3*w + 5*c - 4596 = 0, 16*w + c + 4596 = 13*w. Let t = -1018 - w. What are the prime factors of t?
2, 257
Let n(k) = 11*k**2 + 19. Let h be n(-7). Suppose -i - 4*d = -779, 4*i - h = -2*d + 2586. List the prime factors of i.
787
Suppose -926*p - 2*z + 16648 = -925*p, p + z = 16649. What are the prime factors of p?
2, 3, 5, 37
Let w(k) = -31*k**2 - 2*k - 7. Let j be w(3). Let o = -34 - j. List the prime factors of o.
2, 3, 43
Let c = 737 + -739. What are the prime factors of c + 48/21 + (-97799)/(-91)?